et l = v + 8. Suppose 4*g - l*j = j + 8, 5*g = -j + 10. Determine u(g).
-2
Let g be (120/16)/(6/8). Suppose 0 = -3*w + 3*n - 18, 2*w - g = 3*w + 3*n. Let o(b) = b**3 + 8*b**2 + 6*b - 6. Calculate o(w).
1
Let s be (-2)/8*-6*-2. Let j be (1*2)/(1 + s). Let o(h) be the third derivative of h**6/15 + h**5/30 + h**4/24 - h**2 - 41*h. What is o(j)?
-7
Let d = -645 - -653. Let b(u) = u**3 - 9*u**2 + 11*u - 7. Give b(d).
17
Let c(q) = q**3 + 13*q**2 + 14*q + 15. Let k = 11 - 23. Determine c(k).
-9
Let n(h) = 13*h**3. Let x = -1 - -4. Suppose -x*q + 8 = 2. Let s be (4 - q)/(14/7). Give n(s).
13
Let f(n) = 3*n + 4. Let t(h) = 4*h + 10. Let p(w) = 3*f(w) - 2*t(w). Suppose -2*l + 10 = 0, -3 = 5*b - 2*b + 3*l. Let u = -6 - b. What is p(u)?
-8
Suppose 0 = 6*q - 2*q - 16. Let g(m) = 5*m**2 - 4*m + 4 + m + 2*m - m**2 - m**3. Determine g(q).
0
Let u = -12 - -17. Suppose 0 = u*d - 3*q + 10, 2*d + 15 = 5*q - 8. Let s(y) = 0 + 4*y - 3*y - d. Give s(8).
7
Let l = -3 - -5. Let c(k) = -6*k**l + 5 + 4*k**2 + 0*k**2 + k**2. Suppose 0*r + r = -5*w - 29, 41 = -4*r - 5*w. Calculate c(r).
-11
Let o(q) = 3*q - 5. Let j(k) = 3*k - 8. Let t(u) = -3*j(u) + 4*o(u). Let z be -1 - ((-6)/(-2))/1. Determine t(z).
-8
Let n(r) = -r - 1. Let a(u) = -3*u - 14. Let j be a(-5). Let s(p) = -p. Let w(v) = j*n(v) - 2*s(v). Calculate w(-5).
-6
Let g = 63 - 57. Let l(s) = s**3 - 5*s**2 - 8*s + 2. Give l(g).
-10
Let a(m) = 31*m - 1 + 0 - 7 + m**2 - 68*m + 33*m. Calculate a(6).
4
Let n(v) = -v - 4. Let o(r) be the third derivative of 0 + 0*r + 2/3*r**3 + r**2 + 1/24*r**4. Let u(s) = -5*n(s) - 6*o(s). What is u(-2)?
-2
Let y = 7 - 6. Let p(m) = m. Let u(f) = f**2 + 4*f. Let c(k) = y*u(k) - 6*p(k). Calculate c(-3).
15
Let v(y) be the third derivative of -y**6/120 - y**5/60 + y**4/3 + 50*y**2 - 3*y. Calculate v(-3).
-6
Let u(x) be the first derivative of -x**3/3 - 7*x**2/2 + 6*x - 61. What is u(-7)?
6
Let i(m) be the first derivative of 5*m**2/2 + 9*m + 24. Determine i(-6).
-21
Let j(k) = 24*k. Suppose 635*m + 4 = 639*m. Calculate j(m).
24
Let t(a) = 13*a - 11 - 2*a**2 + 16*a + 21*a**3 - 35*a**3. Let s(l) = 5*l**3 + l**2 - 10*l + 4. Let r(j) = 17*s(j) + 6*t(j). What is r(-4)?
2
Let s(b) = 4*b + 30. Suppose 0 = -40*l - 147 - 173. Determine s(l).
-2
Suppose 29 = 3*d + 15*u - 11*u, 0 = -3*d + 3*u - 6. Let h(f) = -f**2 - 4*f - 1. Let w be h(-2). Let t(p) = -2*p - 3 + 4 + p**2 + 3 - w - d*p**3. Determine t(1).
-3
Let j(g) = -g**3 + 2*g**2 + g + 1. Let f(z) = -4*z**3 + 4*z**2 - z + 15. Let o(w) = -f(w) + 5*j(w). Give o(7).
-17
Let s(r) = r**3 - 7*r**2 + 7*r + 1. Let u(x) be the second derivative of 7*x**5/20 - x**2/2 - 6*x. Let v be u(1). Determine s(v).
7
Let q(u) = u - 4. Let l(t) = 0 + 3*t**3 + 4*t**2 - 4*t**3 + 5. Suppose -17 = -5*x - 3*p, 3*x + 3 = 5*p + 20. Let c be l(x). Determine q(c).
1
Let g(w) = -12*w**2 + 7*w - 3. Let q(b) = -6*b**2 + 4*b - 2. Let j(y) = -3*g(y) + 5*q(y). Let p = 224 + -225. Calculate j(p).
6
Let n(k) be the second derivative of -7*k**4/12 + 39*k + 3. Determine n(1).
-7
Let y be (-22)/(-99) + (-16)/(-9). Let g(x) = y*x + 80 - 3*x - 83. Calculate g(5).
-8
Let x(l) = -l**3 - 5*l**2 - 2*l - 3. Let d be 3/(-18) + 165/18. Let q be 4 + 0/(2 - -1). Let r = q - d. What is x(r)?
7
Let j(f) = 5*f - 5. Let a(n) = 4*n - 4. Let g(y) = -3*a(y) + 2*j(y). Suppose 4*b = 7*b - 12. What is g(b)?
-6
Suppose 5*o = a + 29, -4*o - 2*a + 7 = -19. Let u(l) = o - 14 + 4 - l. What is u(6)?
-10
Let p(t) = -3*t**3 - 2*t**2 - 3*t + 8. Let f(z) = z**3 - z**2 + z - 1. Let u(k) = -4*f(k) - p(k). Let d be 2/(-15)*-30 + 2 + 0. Calculate u(d).
-10
Suppose -16*j = -146 + 82. Let a(n) = n**3 - 5*n**2 - 4*n + 5. Calculate a(j).
-27
Suppose 4*w - 10 = 2*w, 3*w - 15 = 4*n. Let u(z) = -6 + 2 - z**3 + z**2 - 2*z + n*z**3 - 6*z**2. What is u(-5)?
6
Let c(k) = -k**3 - k - 17. Let n be (-3 - -1) + 1/3*6. Determine c(n).
-17
Let a(l) be the third derivative of l**6/120 - l**5/60 + l**4/24 - l**3/6 - l**2. Suppose -q - 14 = 6*q. Let n be (2 + 0 + q)*1. Determine a(n).
-1
Suppose 31*z = -46*z - 385. Let c(y) = -2*y**2 - 14*y - 12. Give c(z).
8
Let m(y) be the third derivative of -y**6/144 - y**5/120 + 11*y**4/8 - 39*y**2. Let u(d) be the second derivative of m(d). Calculate u(3).
-16
Let n(i) = 2*i + 4. Let h be n(-3). Let a(z) = -z**2 - z - 1. Let v be a(h). Let l(o) = 1 + o + 5*o + 7 - 5*o - 9. Determine l(v).
-4
Let j be 1/9*2 - 742/(-63). Let v(f) = -4*f**2 - 11*f**3 + j*f**3 - 6*f + 2 + 1. Give v(5).
-2
Let z(d) = d**2 + 2*d - 5. Let j(r) = -r**2 + 9*r + 7. Let i be j(10). Let y be z(i). Let h(b) = 2*b + 3. Determine h(y).
-1
Suppose 0*l = -l + 1. Let b be 17*l*1/1. Let n(j) = 4*j + 25 - 16 - b. Determine n(6).
16
Let s = -6 + 8. Let u(y) = 4*y + 1. Let j(m) be the third derivative of -m**4/24 - m**3/6 + 43*m**2. Let v(t) = 3*j(t) + u(t). Determine v(s).
0
Let l = 34 + -32. Let y(b) = -3. Let u(o) = -o + 1. Let a(r) = l*u(r) - y(r). Let s = 11 - 6. What is a(s)?
-5
Let a(v) = -v**2 - 5. Suppose -d + 5*d - 16 = 0. Suppose 8 = d*s + 4*m, 10*m - 10 = -3*s + 5*m. Determine a(s).
-5
Let f(r) be the second derivative of -17*r + 1/6*r**4 + 0*r**2 + 1/6*r**3 + 0. Determine f(-1).
1
Let a = 26 + -21. Let g be -4 - (-3 + a)/(-1). Let c(s) = s**2 + 3*s + 2. What is c(g)?
0
Let i(l) = -5 - 22*l + 3 + 23*l. Suppose -4*m + 3*y - 7 - 1 = 0, 4*y = 0. Calculate i(m).
-4
Let w(o) = o**3 + 2*o. Suppose -2*i = 5*i + i. Let q be w(i). Let v(p) = p**2 + 1. Determine v(q).
1
Let t(g) = -g**3 - 5*g**2 - 3*g - 4. Let m(u) be the second derivative of -u**4/12 + 11*u**3/3 - 2*u**2 - 8*u. Let q be m(22). What is t(q)?
-8
Suppose -8 = -3*a - a. Suppose -4*q - 64 = 2*z, a*q = -4*z - 3*q - 113. Let b = z - -21. Let f(k) = 10*k + 1. Calculate f(b).
-9
Let z be (-4)/5*(-4455)/198. Let w(l) = -2*l**2 + 36*l - 11. What is w(z)?
-11
Let x(a) be the second derivative of a**8/6720 - a**7/2520 + a**6/240 - 8*a**4/3 - a - 16. Let v(m) be the third derivative of x(m). Determine v(3).
27
Let s(t) = 6*t**3 + 2*t**2 - 2*t - 1. Let w(l) be the third derivative of -l**5/60 - 14*l**2. Let j(o) = -s(o) - 2*w(o). Calculate j(-1).
5
Let v(n) = 12*n + 25. Let d(g) = 4*g + 8. Let q(f) = 17*d(f) - 6*v(f). Give q(7).
-42
Let q(s) = s**2 - s - 2. Let b(o) = -6*o - 50. Let g be b(-8). Determine q(g).
4
Suppose -g - 23*v + 9 = -25*v, 0 = 2*g + 4*v + 14. Let u(z) = 10*z**2 + 2. Give u(g).
12
Let c(k) = k + 4. Let u = -19 + 19. Let l be c(u). Let w(p) = p - 1. Give w(l).
3
Let k(s) be the third derivative of -s**4/24 + s**3/6 + 2*s**2 + 19. Calculate k(7).
-6
Let q be 19 + -17 - (-4)/2. Suppose 4*o - 14 = b - 2*b, 0 = -5*b + 2*o + q. Let j(z) = 2*z**3 - 2*z**2 + 2*z. Determine j(b).
12
Let b = 24 - 20. Let g(u) = 4 - b - 1 + u**3 - 7*u - 5*u**2 + 0. Calculate g(6).
-7
Let d(y) = -5*y - 29. Let s be d(-9). Suppose 2*g - 28 = -s. Let m(x) = -2*x + 1. Calculate m(g).
-11
Let t(s) = -s**2 + 3*s - 3. Let j be t(2). Let k(x) = -1189*x + 1 + x**2 - 16*x**3 - 2 + 1188*x. Determine k(j).
17
Let q(f) = 2*f + 9. Let n(a) = -3*a**2 - 50*a + 10. Let h be n(-17). What is q(h)?
-5
Let l(z) = 2*z**3 + 1. Suppose -4*k = 4 - 12. Let i be 1*k - (-14 - -15). Calculate l(i).
3
Let h(i) = -4*i**3 - 2*i**2 - i. Let u be h(-1). Suppose u*o + y = 2*y + 11, 3*o + 3*y - 27 = 0. Let g(d) = -d**2 + 6*d - 6. Calculate g(o).
-1
Let j(o) = -5*o + 20. Let f be (-3)/4 - 5*(-190)/200. Calculate j(f).
0
Let q(y) = 2*y + 8. Let k be (-84)/15 + (-1)/(-10)*-4. Determine q(k).
-4
Suppose -14*o + 50 = -17*o - 2*p, 40 = -4*o + 4*p. Let h(b) = b + 10. What is h(o)?
-4
Let n = 39 - 20. Suppose -5*j + n + 11 = 0. Let t(y) = -2*y**2 + 2. Let u(x) = 13*x**2 - 7*x - 3. Let o(a) = 6*t(a) + u(a). Determine o(j).
3
Let z(w) = 3*w**2 + 10*w + 2. Let c(g) = -7*g**2 - 22*g - 3. Let n(m) = 2*c(m) + 5*z(m). Calculate n(-9).
31
Let o(r) = -2*r - 13. Let f(w) = w + 8. Let t be f(3). Let g = t - 20. Determine o(g).
5
Let g(x) = -3*x + 5. Let o(w) = w - 3. Let a(q) = -2*g(q) - 5*o(q). Determine a(-8).
-3
Suppose h = -4*h + 5. Let p(f) be the second derivative of 0 - f - 1/2*f**2 + 1/3*f**3 + 3/4*f**4. Give p(h).
10
Let m = 24 + -24. Suppose 3*b - 19 + 1 = m. Let n(q) = q**2 - 4*q - 8. Determine n(b).
4
Let o(s) = s**2 - s. Suppose 4*b + 18 = -2. Determine o(b).
30
Let i be 32/56 - (-17)/7. Let z(m) = -i + m - 547*m**2 + 7 + 545*m